{"id":10,"date":"2024-07-06T16:03:32","date_gmt":"2024-07-06T14:03:32","guid":{"rendered":"http:\/\/qiznitu.cluster023.hosting.ovh.net\/?page_id=10"},"modified":"2024-07-30T14:56:33","modified_gmt":"2024-07-30T12:56:33","slug":"informacje","status":"publish","type":"page","link":"https:\/\/www.chrislog.pl\/index.php\/informacje\/","title":{"rendered":"Informacje"},"content":{"rendered":"\n<p class=\"has-text-align-left\">ChrisLog to dynamiczna i niezawodna firma informatyczna, specjalizuj\u0105ca si\u0119 w kompleksowych us\u0142ugach IT. Nasza oferta obejmuje instalacj\u0119 i konfiguracj\u0119 sprz\u0119tu komputerowego, napraw\u0119 komputer\u00f3w oraz oprogramowania, a tak\u017ce konfiguracje urz\u0105dze\u0144 sieciowych. Dzi\u0119ki wieloletniemu do\u015bwiadczeniu i zaanga\u017cowaniu, gwarantujemy szybkie i efektywne rozwi\u0105zania dostosowane do indywidualnych potrzeb naszych klient\u00f3w. Dbamy o to, aby nasi klienci czuli si\u0119 pewnie i bezpiecznie w \u015bwiecie technologii. Naszym celem jest dostarczanie us\u0142ug na najwy\u017cszym poziomie, kt\u00f3re przyczyniaj\u0105 si\u0119 do zwi\u0119kszenia wydajno\u015bci i niezawodno\u015bci Twojego sprz\u0119tu oraz sieci.<\/p>\n\n\n\n<figure class=\"wp-block-gallery has-nested-images columns-default is-cropped wp-block-gallery-1 is-layout-flex wp-block-gallery-is-layout-flex\">\n<figure class=\"wp-block-image size-large\"><img loading=\"lazy\" decoding=\"async\" width=\"1024\" height=\"678\" data-id=\"42\" src=\"https:\/\/www.chrislog.pl\/wp-content\/uploads\/2024\/07\/pexels-goumbik-574069-1024x678.jpg\" alt=\"\" class=\"wp-image-42\" srcset=\"https:\/\/www.chrislog.pl\/wp-content\/uploads\/2024\/07\/pexels-goumbik-574069-1024x678.jpg 1024w, https:\/\/www.chrislog.pl\/wp-content\/uploads\/2024\/07\/pexels-goumbik-574069-300x199.jpg 300w, https:\/\/www.chrislog.pl\/wp-content\/uploads\/2024\/07\/pexels-goumbik-574069-768x509.jpg 768w, https:\/\/www.chrislog.pl\/wp-content\/uploads\/2024\/07\/pexels-goumbik-574069-1536x1017.jpg 1536w, https:\/\/www.chrislog.pl\/wp-content\/uploads\/2024\/07\/pexels-goumbik-574069-2048x1356.jpg 2048w\" sizes=\"auto, (max-width: 767px) 89vw, (max-width: 1000px) 54vw, (max-width: 1071px) 543px, 580px\" \/><\/figure>\n<\/figure>\n","protected":false},"excerpt":{"rendered":"<p>ChrisLog to dynamiczna i niezawodna firma informatyczna, specjalizuj\u0105ca si\u0119 w kompleksowych us\u0142ugach IT. Nasza oferta obejmuje instalacj\u0119 i konfiguracj\u0119 sprz\u0119tu komputerowego, napraw\u0119 komputer\u00f3w oraz oprogramowania, a tak\u017ce konfiguracje urz\u0105dze\u0144 sieciowych. Dzi\u0119ki wieloletniemu do\u015bwiadczeniu i zaanga\u017cowaniu, gwarantujemy szybkie i efektywne rozwi\u0105zania dostosowane do indywidualnych potrzeb naszych klient\u00f3w. Dbamy o to, aby nasi klienci czuli si\u0119 pewnie &hellip; <\/p>\n<p class=\"link-more\"><a href=\"https:\/\/www.chrislog.pl\/index.php\/informacje\/\" class=\"more-link\">Czytaj dalej<span class=\"screen-reader-text\"> \u201eInformacje\u201d<\/span><\/a><\/p>\n","protected":false},"author":1,"featured_media":0,"parent":0,"menu_order":0,"comment_status":"closed","ping_status":"closed","template":"","meta":{"footnotes":""},"class_list":["post-10","page","type-page","status-publish","hentry"],"yoast_head":"<!-- This site is optimized with the Yoast SEO plugin v27.5 - https:\/\/yoast.com\/product\/yoast-seo-wordpress\/ -->\n<title>Informacje - ChrisLog<\/title>\n<meta name=\"robots\" content=\"index, follow, max-snippet:-1, max-image-preview:large, max-video-preview:-1\" \/>\n<link rel=\"canonical\" href=\"https:\/\/www.chrislog.pl\/index.php\/informacje\/\" \/>\n<meta property=\"og:locale\" content=\"pl_PL\" \/>\n<meta property=\"og:type\" content=\"article\" \/>\n<meta property=\"og:title\" content=\"Informacje - ChrisLog\" \/>\n<meta property=\"og:description\" content=\"ChrisLog to dynamiczna i niezawodna firma informatyczna, specjalizuj\u0105ca si\u0119 w kompleksowych us\u0142ugach IT. Nasza oferta obejmuje instalacj\u0119 i konfiguracj\u0119 sprz\u0119tu komputerowego, napraw\u0119 komputer\u00f3w oraz oprogramowania, a tak\u017ce konfiguracje urz\u0105dze\u0144 sieciowych. Dzi\u0119ki wieloletniemu do\u015bwiadczeniu i zaanga\u017cowaniu, gwarantujemy szybkie i efektywne rozwi\u0105zania dostosowane do indywidualnych potrzeb naszych klient\u00f3w. Dbamy o to, aby nasi klienci czuli si\u0119 pewnie &hellip; Czytaj dalej \u201eInformacje\u201d\" \/>\n<meta property=\"og:url\" content=\"https:\/\/www.chrislog.pl\/index.php\/informacje\/\" \/>\n<meta property=\"og:site_name\" content=\"ChrisLog\" \/>\n<meta property=\"article:modified_time\" content=\"2024-07-30T12:56:33+00:00\" \/>\n<meta property=\"og:image\" content=\"https:\/\/www.chrislog.pl\/wp-content\/uploads\/2024\/07\/pexels-goumbik-574069-1024x678.jpg\" \/>\n<meta name=\"twitter:card\" content=\"summary_large_image\" \/>\n<meta name=\"twitter:label1\" content=\"Szacowany czas czytania\" \/>\n\t<meta name=\"twitter:data1\" content=\"1 minuta\" \/>\n<script type=\"application\/ld+json\" class=\"yoast-schema-graph\">{\"@context\":\"https:\\\/\\\/schema.org\",\"@graph\":[{\"@type\":\"WebPage\",\"@id\":\"https:\\\/\\\/www.chrislog.pl\\\/index.php\\\/informacje\\\/\",\"url\":\"https:\\\/\\\/www.chrislog.pl\\\/index.php\\\/informacje\\\/\",\"name\":\"Informacje - ChrisLog\",\"isPartOf\":{\"@id\":\"https:\\\/\\\/www.chrislog.pl\\\/#website\"},\"primaryImageOfPage\":{\"@id\":\"https:\\\/\\\/www.chrislog.pl\\\/index.php\\\/informacje\\\/#primaryimage\"},\"image\":{\"@id\":\"https:\\\/\\\/www.chrislog.pl\\\/index.php\\\/informacje\\\/#primaryimage\"},\"thumbnailUrl\":\"https:\\\/\\\/www.chrislog.pl\\\/wp-content\\\/uploads\\\/2024\\\/07\\\/pexels-goumbik-574069-1024x678.jpg\",\"datePublished\":\"2024-07-06T14:03:32+00:00\",\"dateModified\":\"2024-07-30T12:56:33+00:00\",\"breadcrumb\":{\"@id\":\"https:\\\/\\\/www.chrislog.pl\\\/index.php\\\/informacje\\\/#breadcrumb\"},\"inLanguage\":\"pl-PL\",\"potentialAction\":[{\"@type\":\"ReadAction\",\"target\":[\"https:\\\/\\\/www.chrislog.pl\\\/index.php\\\/informacje\\\/\"]}]},{\"@type\":\"ImageObject\",\"inLanguage\":\"pl-PL\",\"@id\":\"https:\\\/\\\/www.chrislog.pl\\\/index.php\\\/informacje\\\/#primaryimage\",\"url\":\"https:\\\/\\\/www.chrislog.pl\\\/wp-content\\\/uploads\\\/2024\\\/07\\\/pexels-goumbik-574069-scaled.jpg\",\"contentUrl\":\"https:\\\/\\\/www.chrislog.pl\\\/wp-content\\\/uploads\\\/2024\\\/07\\\/pexels-goumbik-574069-scaled.jpg\",\"width\":2560,\"height\":1695},{\"@type\":\"BreadcrumbList\",\"@id\":\"https:\\\/\\\/www.chrislog.pl\\\/index.php\\\/informacje\\\/#breadcrumb\",\"itemListElement\":[{\"@type\":\"ListItem\",\"position\":1,\"name\":\"Strona g\u0142\u00f3wna\",\"item\":\"https:\\\/\\\/www.chrislog.pl\\\/\"},{\"@type\":\"ListItem\",\"position\":2,\"name\":\"Informacje\"}]},{\"@type\":\"WebSite\",\"@id\":\"https:\\\/\\\/www.chrislog.pl\\\/#website\",\"url\":\"https:\\\/\\\/www.chrislog.pl\\\/\",\"name\":\"ChrisLog\",\"description\":\"Twoje zaufane wsparcie IT\",\"potentialAction\":[{\"@type\":\"SearchAction\",\"target\":{\"@type\":\"EntryPoint\",\"urlTemplate\":\"https:\\\/\\\/www.chrislog.pl\\\/?s={search_term_string}\"},\"query-input\":{\"@type\":\"PropertyValueSpecification\",\"valueRequired\":true,\"valueName\":\"search_term_string\"}}],\"inLanguage\":\"pl-PL\"}]}<\/script>\n<!-- \/ Yoast SEO plugin. -->","yoast_head_json":{"title":"Informacje - ChrisLog","robots":{"index":"index","follow":"follow","max-snippet":"max-snippet:-1","max-image-preview":"max-image-preview:large","max-video-preview":"max-video-preview:-1"},"canonical":"https:\/\/www.chrislog.pl\/index.php\/informacje\/","og_locale":"pl_PL","og_type":"article","og_title":"Informacje - ChrisLog","og_description":"ChrisLog to dynamiczna i niezawodna firma informatyczna, specjalizuj\u0105ca si\u0119 w kompleksowych us\u0142ugach IT. Nasza oferta obejmuje instalacj\u0119 i konfiguracj\u0119 sprz\u0119tu komputerowego, napraw\u0119 komputer\u00f3w oraz oprogramowania, a tak\u017ce konfiguracje urz\u0105dze\u0144 sieciowych. Dzi\u0119ki wieloletniemu do\u015bwiadczeniu i zaanga\u017cowaniu, gwarantujemy szybkie i efektywne rozwi\u0105zania dostosowane do indywidualnych potrzeb naszych klient\u00f3w. Dbamy o to, aby nasi klienci czuli si\u0119 pewnie &hellip; Czytaj dalej \u201eInformacje\u201d","og_url":"https:\/\/www.chrislog.pl\/index.php\/informacje\/","og_site_name":"ChrisLog","article_modified_time":"2024-07-30T12:56:33+00:00","og_image":[{"url":"https:\/\/www.chrislog.pl\/wp-content\/uploads\/2024\/07\/pexels-goumbik-574069-1024x678.jpg","type":"","width":"","height":""}],"twitter_card":"summary_large_image","twitter_misc":{"Szacowany czas czytania":"1 minuta"},"schema":{"@context":"https:\/\/schema.org","@graph":[{"@type":"WebPage","@id":"https:\/\/www.chrislog.pl\/index.php\/informacje\/","url":"https:\/\/www.chrislog.pl\/index.php\/informacje\/","name":"Informacje - ChrisLog","isPartOf":{"@id":"https:\/\/www.chrislog.pl\/#website"},"primaryImageOfPage":{"@id":"https:\/\/www.chrislog.pl\/index.php\/informacje\/#primaryimage"},"image":{"@id":"https:\/\/www.chrislog.pl\/index.php\/informacje\/#primaryimage"},"thumbnailUrl":"https:\/\/www.chrislog.pl\/wp-content\/uploads\/2024\/07\/pexels-goumbik-574069-1024x678.jpg","datePublished":"2024-07-06T14:03:32+00:00","dateModified":"2024-07-30T12:56:33+00:00","breadcrumb":{"@id":"https:\/\/www.chrislog.pl\/index.php\/informacje\/#breadcrumb"},"inLanguage":"pl-PL","potentialAction":[{"@type":"ReadAction","target":["https:\/\/www.chrislog.pl\/index.php\/informacje\/"]}]},{"@type":"ImageObject","inLanguage":"pl-PL","@id":"https:\/\/www.chrislog.pl\/index.php\/informacje\/#primaryimage","url":"https:\/\/www.chrislog.pl\/wp-content\/uploads\/2024\/07\/pexels-goumbik-574069-scaled.jpg","contentUrl":"https:\/\/www.chrislog.pl\/wp-content\/uploads\/2024\/07\/pexels-goumbik-574069-scaled.jpg","width":2560,"height":1695},{"@type":"BreadcrumbList","@id":"https:\/\/www.chrislog.pl\/index.php\/informacje\/#breadcrumb","itemListElement":[{"@type":"ListItem","position":1,"name":"Strona g\u0142\u00f3wna","item":"https:\/\/www.chrislog.pl\/"},{"@type":"ListItem","position":2,"name":"Informacje"}]},{"@type":"WebSite","@id":"https:\/\/www.chrislog.pl\/#website","url":"https:\/\/www.chrislog.pl\/","name":"ChrisLog","description":"Twoje zaufane wsparcie IT","potentialAction":[{"@type":"SearchAction","target":{"@type":"EntryPoint","urlTemplate":"https:\/\/www.chrislog.pl\/?s={search_term_string}"},"query-input":{"@type":"PropertyValueSpecification","valueRequired":true,"valueName":"search_term_string"}}],"inLanguage":"pl-PL"}]}},"_links":{"self":[{"href":"https:\/\/www.chrislog.pl\/index.php\/wp-json\/wp\/v2\/pages\/10","targetHints":{"allow":["GET"]}}],"collection":[{"href":"https:\/\/www.chrislog.pl\/index.php\/wp-json\/wp\/v2\/pages"}],"about":[{"href":"https:\/\/www.chrislog.pl\/index.php\/wp-json\/wp\/v2\/types\/page"}],"author":[{"embeddable":true,"href":"https:\/\/www.chrislog.pl\/index.php\/wp-json\/wp\/v2\/users\/1"}],"replies":[{"embeddable":true,"href":"https:\/\/www.chrislog.pl\/index.php\/wp-json\/wp\/v2\/comments?post=10"}],"version-history":[{"count":5,"href":"https:\/\/www.chrislog.pl\/index.php\/wp-json\/wp\/v2\/pages\/10\/revisions"}],"predecessor-version":[{"id":116,"href":"https:\/\/www.chrislog.pl\/index.php\/wp-json\/wp\/v2\/pages\/10\/revisions\/116"}],"wp:attachment":[{"href":"https:\/\/www.chrislog.pl\/index.php\/wp-json\/wp\/v2\/media?parent=10"}],"curies":[{"name":"wp","href":"https:\/\/api.w.org\/{rel}","templated":true}]}}